0?
10
Let j = -286 + 573. Suppose -196 = -3*u - 5*a, -3*u - 67 = -a - j. What is the highest common divisor of u and 9?
9
Let f(x) = -x - 5. Let b be f(-9). Suppose 4*u + 0 = 4, 119 = b*h - u. Let m be (-101)/(-9) - h/135. Calculate the highest common factor of m and 44.
11
Let y be (-168)/(-12) + (10 - -16). Suppose 4*n - 1479 = -39. What is the greatest common factor of n and y?
40
Let b(p) = p**3 - 27*p**2 + 187*p - 15. Let v be b(12). Calculate the greatest common factor of v and 2.
1
Let v = -143 - -208. Let r = v - 5. Suppose -6*y = u - 3*y - 12, -5*u + 5*y = -r. Calculate the highest common divisor of 3 and u.
3
Suppose 130*s - 143*s = -1001. What is the highest common divisor of 693 and s?
77
Suppose -6*t + 10 = -t. Suppose -t*i - 2*i + 12 = 0. Let j = i - -11. What is the highest common divisor of j and 70?
14
Suppose -4*m - 1 = 3*a, 4 + 5 = 3*m - a. Suppose -w + 90 = 5*v + 3*w, 5*w - 36 = -m*v. Calculate the highest common divisor of v and 27.
9
Suppose 246 + 114 = 5*q. Calculate the greatest common factor of q and 144.
72
Let m be 148/(-10)*-30*(-1)/(-2). Suppose 13*q - m = -79. Calculate the highest common factor of q and 176.
11
Let r = -35 - -39. Calculate the highest common factor of r and 5.
1
Let h(n) = -n**3 - 2*n**2 - 2*n - 1. Let l be h(-3). Let f = 2300 - 2146. What is the highest common divisor of l and f?
14
Let b(w) = w**2 + 28*w - 306. Let s be b(-40). Calculate the greatest common divisor of s and 3.
3
Let m(l) = -l**3 + 10*l**2 - l + 8. Let c be m(9). Let h = -209 - -219. Calculate the greatest common divisor of h and c.
10
Suppose 25 = 12*i - 11. Suppose 4*d + 1 = f - 30, i*f = -3*d + 48. Calculate the greatest common factor of 76 and f.
19
Suppose -5*w + 173 = g, -5*w + 0*g - 2*g + 171 = 0. Calculate the greatest common factor of 1505 and w.
35
Let w be (14/28)/(1/196). Suppose 2*a + 5*a = w. Calculate the greatest common factor of 98 and a.
14
Let f be 9 + -6 - 12/1. Let u be (-10)/(-15) + (-3 - 183/f). What is the greatest common factor of u and 4?
2
Let i(r) = 3*r - 3. Let z be i(4). Let s = 135 + -90. What is the highest common divisor of z and s?
9
Let d be (-3)/(0 - 3) + 53. Let o be 506/12 - 9/d. What is the highest common factor of o and 28?
14
Suppose 2*s - 290 = -4*i + 130, 4*i - 406 = 5*s. What is the highest common factor of 130 and i?
26
Let c = -77 - -129. Let l = 6056 - 6030. Calculate the highest common divisor of c and l.
26
Let a = -439 - -442. What is the greatest common divisor of a and 39?
3
Let g be (-6)/24 - (-673)/4. Suppose 2*c + 3*t = g, 370 = 5*c - 6*t + t. Let j be 12/c + 1556/26. Calculate the greatest common factor of j and 20.
20
Suppose 0 = 6*h + 137 - 371. Calculate the highest common factor of 52 and h.
13
Let n(z) = z**2 + 30*z + 180. Let b be n(-8). What is the greatest common divisor of 466 and b?
2
Suppose -1008 = -11*h - 13*h. Calculate the greatest common divisor of 48 and h.
6
Let g(z) = -2*z + 5*z - 5*z + 27. Let f be g(3). What is the highest common factor of 84 and f?
21
Let h(x) = -x - 1. Let g(f) = f**2 + 9*f + 7. Let v(c) = -g(c) - 6*h(c). Let i be v(4). Let y = i + 34. What is the greatest common divisor of y and 20?
5
Let v(g) = g + 7. Let j be v(-3). Suppose 0 = -2*m - 0 + 10. Suppose 3 = m*b - 2. What is the greatest common divisor of j and b?
1
Suppose 3*x = -7*u + 3*u + 13, 5*x + 4*u = 19. Suppose 0 = -4*y + x*y + 16. Suppose 0 = -10*i + 30*i - 1600. Calculate the greatest common divisor of y and i.
16
Let w(m) = -10*m - 17. Let n be w(-2). What is the highest common factor of 111 and n?
3
Let c be (8/16*-9)/(1/(-8)). What is the greatest common divisor of 1044 and c?
36
Suppose 0 = -4*f - 3*x + 73, 4*f - 57 = f - 3*x. Let j(b) = -b + 3. Let i be j(7). Let m be 1 - (23*-5 - i). Calculate the highest common factor of m and f.
16
Let j = -364 + 367. Calculate the highest common factor of j and 1.
1
Suppose 6*d + w + 1 = 5*d, 0 = -5*w - 15. Suppose -4*x - 4*m + 24 = 0, 2*m + 2*m - 2 = -d*x. What is the greatest common factor of x and 11?
11
Suppose b + 62*f - 24 = 67*f, 0 = -3*b + 2*f + 85. Calculate the highest common factor of 145 and b.
29
Suppose -152 = -10*g - 52. Let v be 12/g*225/30. Calculate the greatest common factor of v and 18.
9
Let p = 619 - 575. What is the greatest common divisor of p and 8?
4
Let y be (8/(-6))/(4/(-6)). Suppose 2*x + j = -4*j - 956, j = -y*x - 940. Let p be (-4)/(-14) - x/28. Calculate the greatest common factor of p and 51.
17
Let g be 528 + (48/(-6))/(-6 - -4). Calculate the highest common factor of 224 and g.
28
Let m be (-1)/(((-24)/(-124))/(-6)). Calculate the highest common divisor of m and 31.
31
Let b = 32 - 30. Suppose 2*h - 85 = -b*h + 5*j, 0 = 3*h - 4*j - 65. Let r = 79 - 19. What is the highest common divisor of r and h?
15
Suppose -5*w = -5*i + 5, -2*i + 0*w + 5 = -w. Suppose -i*y - 33 = -233. What is the highest common factor of 10 and y?
10
Let p(z) = -2*z**3 - 6*z**2 - 6. Let l be p(-6). Suppose -4*b = -l - 70. Suppose -5*o + 0*o + b = 0. What is the highest common factor of o and 28?
14
Let k = 50 - 48. Let o be 7 - (4 - k - 1). Suppose 0*y - y = -18. What is the highest common divisor of o and y?
6
Let p(m) be the second derivative of -m**4/12 - 7*m**3/3 - 9*m**2/2 - m. Let i be p(-9). Calculate the greatest common factor of i and 4.
4
Let h be (-4)/(-10) - (-12)/(-5). Let n be -6 + 6 - h/2. Let x be 5/(25/40) + -6. What is the highest common factor of n and x?
1
Let v = -48 - -75. What is the highest common factor of 18 and v?
9
Let a be (-12)/(-16)*20*(-1)/(-1). Suppose -3*k + a = -15. What is the highest common factor of k and 15?
5
Suppose 0 = -2*v + 3*v - 20. Suppose -2*w + 6 = -0*w. Suppose 4*y + 0*f - 18 = -2*f, 4*y + w*f - 17 = 0. Calculate the greatest common factor of v and y.
5
Let t = -12 + -9. Let h = t - -30. Let m = 1 + 0. Calculate the greatest common factor of m and h.
1
Let q(d) = 4*d - 31. Let p be q(11). Let z(f) = -f + 24. Let k be z(p). What is the greatest common factor of 1 and k?
1
Let q be -4 + (-13)/((-78)/20)*3. Let x(i) = 7*i**2 - 6*i + 4. Let j be x(3). Suppose j = 4*h + 1. Calculate the highest common factor of h and q.
6
Let h be 28/7 - (-28)/(-2). Let f be (4/(-5))/(1/h). What is the greatest common divisor of f and 64?
8
Suppose 6*n = 3*n + 33. Suppose 0*a = 5*y + a - 19, 5*a = -5. Suppose -128 = -y*k - 2*i + 4*i, 5*k - 163 = i. Calculate the greatest common factor of k and n.
11
Suppose -3*x + 5*m = 5, x + 30 = -4*m - 0*m. Let n be (-8)/(-6)*(-30)/x. Let z be (-1628)/(-55) + n/10. Calculate the highest common factor of z and 6.
6
Let x be (-1)/4 + 482/8. Let s(b) = -2*b**2 - 46*b - 60. Let m be s(-21). Calculate the highest common factor of x and m.
12
Let d(k) be the first derivative of k**2/2 - k + 5. Let p be d(-7). Let i be (-6 - p)/(2/24). What is the greatest common divisor of 6 and i?
6
Let n = -26 - -28. Suppose 3*g + 3*v = 12, 5 = g + n*g - 4*v. Calculate the greatest common divisor of 3 and g.
3
Let u = 120 - 102. Let g = 10 - 28. Let t be (-104)/g + 4/u. Calculate the greatest common factor of t and 42.
6
Suppose 6*l + 16 = 58. Calculate the greatest common factor of l and 714.
7
Let k = -271 + 290. What is the greatest common factor of 19 and k?
19
Suppose -15*j + 42 = -8*j. Suppose -46 = -j*c + 92. What is the highest common divisor of 23 and c?
23
Suppose -25 = -5*l + 50. Suppose -13 = -4*p + 7. Suppose -t + 18 = p*c, -2*c = -t + 3*c - 12. What is the highest common factor of t and l?
3
Let n = -1125 - -663. Let r be n/44*-44*1/3. What is the greatest common divisor of r and 14?
14
Suppose 41*n - 440 = 21*n. Calculate the greatest common divisor of n and 44.
22
Let c = 26 + -27. Let w be c/2*108/(-6). What is the highest common factor of w and 45?
9
Suppose 5*g - 217 = 58. Let j be (0 - 4)*-1 + (-3852)/(-214). Calculate the highest common factor of j and g.
11
Let c = 37 - 33. Let o be -97 - -2*(-6)/c. Let t be 4/5 + (-20)/o. Calculate the greatest common factor of t and 4.
1
Let y be 4/(-6) + (-3 - (-445)/15). What is the highest common divisor of 663 and y?
13
Let c be 18 - (0 - -2 - 4). Suppose -260 = 5*f + 4*s, -3*s - 86 - 122 = 4*f. Let h = 56 + f. What is the greatest common divisor of h and c?
4
Let w(v) = v - 14. Let m be w(17). Suppose -m = j + 1. Let o